4/12 + 7*o**3/6 - o**2/2 - 23*o. Determine u(q).
5
Let p(i) = -i**2 - 4*i + 1. Let u be (-2 - 16/6)/(116/174). Calculate p(u).
-20
Suppose -4*h = -79 + 35. Suppose -19 = -4*y - h. Let i(b) = 2*b**3 + b - b**3 - 3*b**2 + 2 + 0*b**3. Calculate i(y).
0
Let f(o) = -8*o - 7. Let t(h) = 4*h + 3. Let v(s) = -4*f(s) - 7*t(s). Give v(-2).
-1
Let t(c) = 7*c + 55. Let n be t(-8). Let p(j) be the first derivative of 3 - j - 1/2*j**2 - 2*j**3. What is p(n)?
-6
Let k = -462 - -458. Let s(v) = -20*v - 6. Calculate s(k).
74
Let v(j) = 10*j - 3. Suppose 151 - 163 = -6*l. What is v(l)?
17
Let c(y) = 12*y**2 - 10*y. Let k(g) = -5*g**2 + 4*g. Let n(a) = 3*c(a) + 7*k(a). Calculate n(5).
15
Let t(f) = 6*f - 91. Let p(u) = u - 18. Let d(c) = 11*p(c) - 2*t(c). Let g = -39 + -9. Let w be g/(-32) + (-3)/2. What is d(w)?
-16
Let s = 11 + -7. Suppose s*w - 30 = -w. Let m be 1/2 - (-27)/w. Let z(p) = -2*p + 4. What is z(m)?
-6
Let s(m) = -122*m**2 + 128*m**2 + m + 10 + 4*m - m**3. Suppose 35 = 2*b + 3*b. Let a be s(b). Let v(i) = -i - 9. Calculate v(a).
-5
Let b(d) = -d**2 - 24*d + 48. Let g be b(-26). Let h(l) = -4*l**2 + 3. Let y(z) = z**2 - z - 1. Let j(k) = h(k) + 3*y(k). Determine j(g).
-4
Let h = -52 + 71. Let p(t) = -37 + h + 18 + 10*t. What is p(1)?
10
Let m(t) = -t**3 + 4*t**2 + 3*t + 6. Let r be m(5). Let z(k) = -1 - 451*k + 841*k - 393*k. Calculate z(r).
11
Let r(z) = 11*z**3 - 13*z**2 - 11*z + 4. Let i(f) = 5*f**3 - 6*f**2 - 5*f + 2. Let h(o) = 9*i(o) - 4*r(o). What is h(3)?
8
Let t(r) = 4*r - 54. Let g(j) = -3*j. Let a(z) = -g(z) + t(z). What is a(7)?
-5
Let w(h) be the second derivative of h**4/6 + h**2/2 + h. Let d(f) be the first derivative of w(f). Let g(j) = j**2 + 23*j + 23. Let v be g(-22). What is d(v)?
4
Let h(z) = -z**3 - 6*z**2 + 6*z - 4. Suppose 3*u + 2*i = 4*i - 25, 3*u + 5*i = -11. Calculate h(u).
3
Let j = -3 + 9. Suppose f = -u + j, 3*f - 4*u + 27 = 8*f. Let y(k) = 3*k + 2. Determine y(f).
11
Let x(j) = -j**3 - 5*j**2 + 5*j - 6. Suppose 0 = -5*i + 26 - 1. Suppose 2*r = -i*a + r + 47, 41 = 5*a - 2*r. Let o = a - 15. Give x(o).
0
Let t(u) = u. Let v(d) = -d**3 + 7*d**2 + 19*d - 12. Let p be v(9). Give t(p).
-3
Let f(s) = s + 2. Let v(y) = -1. Let j(b) = -f(b) - 3*v(b). Suppose 3*i = -u, -u + i = -0*u + 4. What is j(u)?
4
Let m(d) = 10*d**2 - 11*d - d**2 - 5*d**2 - 5 - 15 - 3*d**2. Give m(13).
6
Let s be 4 - (44/20 - 1/5). Let n(x) be the first derivative of -1/2*x**2 + 6 - s*x. What is n(0)?
-2
Let s(b) be the third derivative of -b**7/2520 + b**6/720 + b**5/60 - 7*b**4/24 - 19*b**2. Let j(w) be the second derivative of s(w). What is j(-2)?
-4
Let f(n) = 11 - 26 + n + 12 + 16. Give f(-7).
6
Let c(v) be the third derivative of v**4/8 + v**3 - 6*v**2 + 8. Give c(-13).
-33
Let a be 6/(-10) - 138/(-30). Let o(z) be the first derivative of 1/4*z**a - 2/3*z**3 - 5/2*z**2 + z + 8. Give o(4).
13
Let p(f) = -f + 1. Let r = 8 + -11. Let c = 1 - r. What is p(c)?
-3
Suppose -5*i = -c - 4, -43 = -2*c - 2*i - 15. Let p = 15 - c. Let v(k) = 0*k + 6 + k + 2*k - p*k. Give v(0).
6
Suppose -27*s - 16 = -25*s. Let x(h) = h**3 + 8*h**2 - 3*h - 12. Give x(s).
12
Suppose 0 = -2*o + 5*y + 2 + 13, -2*o + y + 3 = 0. Suppose l + 2 + 3 = o, 3*w = 5*l + 22. Let b be (w - (1 + -2)) + -1. Let v(a) = -4*a**2. Determine v(b).
-4
Let d(u) = 3*u - 27 - 4*u**2 - 2*u + 3*u**2 + 31. Determine d(3).
-2
Let k(s) = -5*s + 4. Let l(z) = 8*z - 7. Let g(c) = -5*k(c) - 3*l(c). Calculate g(-3).
-2
Let i(r) be the third derivative of -r**4/12 + r**3/6 + r**2. Let d = 66 + -63. Suppose -2*a + 0*g - 2*g + 14 = 0, 3*a - d*g = -9. Determine i(a).
-3
Let h(i) = 17*i - 3. Let n be 30/9 - 20/60. Calculate h(n).
48
Let v(k) = 28*k**2 - 10 - 9*k - k - 29*k**2. Let y be v(-8). Suppose 0*t = -t + y. Let h(u) = -u**2 + 6*u - 3. What is h(t)?
-3
Let j(r) = -r**2 + 3*r + 1. Suppose -21 = -3*t - 9. Suppose t*i + 23 = 103. Suppose 18 = -w + i. Calculate j(w).
3
Suppose 4*l - 2*u + 10 = 8*l, -3 = -4*l + 5*u. Let j(k) = 7*k**2 + 3*k - 4. What is j(l)?
30
Let v(k) = -4*k + 4. Let o = 6 - 12. Let a(t) = -t. Let q(h) = o*a(h) + v(h). Suppose -174*i = -165*i + 36. Determine q(i).
-4
Let n(z) = z**3 + 7*z**2 + 6*z - 2. Let l be 5/((3/(-6))/((-2)/(-4))). Give n(l).
18
Let s(f) = f**2 + 2*f + 10. Let p = 38 + -38. Determine s(p).
10
Let g(p) = p**3 + 7*p**2 + 6*p - 4. Suppose -5 = 7*l + 485. Let d = l - -64. Calculate g(d).
-4
Let o(w) = 11*w**2 + 5*w + 7. Let z(u) = 29*u**2 + 14*u + 20. Let s(r) = 8*o(r) - 3*z(r). Give s(2).
-4
Let l(a) = 22*a - 19. Let p be l(1). Let q(z) be the third derivative of -z**5/60 + z**4/24 + z**3/2 + 5*z**2. Determine q(p).
-3
Let u = 122 + -111. Let r(p) = 2*p + u - 1 - p**2 - 9 - 3*p. Give r(-1).
1
Let a = -593 - -590. Let z(s) = 7*s + 19. Give z(a).
-2
Let v(r) = 16 + 39*r**3 + r - 38*r**3 + r**2 - 7 + 5. Give v(0).
14
Let o be (10/6)/((-15)/(-54)). Suppose 0 = -o*f - f + 7. Let j(c) = 5*c + 2 + 0 - 1. What is j(f)?
6
Let r(c) = -c**2 + 58*c + c**2 - 4 + 59*c - 120*c + 1 - 2*c**2. Suppose -b + 12 = b. Suppose -7*k = -4*k + b. Give r(k).
-5
Let p(g) be the third derivative of -g**5/30 - g**3/6 + g**2. Let d(i) = i**2 - 4. Let n be d(-2). Suppose 3*a - 5 = 5*j + 3, n = -4*a + 5*j + 9. What is p(a)?
-3
Let s(q) = 13*q**2 - 13*q - 39. Let v(k) = 7*k**2 - 8*k - 20. Let y(m) = 6*s(m) - 11*v(m). Give y(-12).
10
Let f(w) be the third derivative of -5*w**4/24 - 11*w**3/6 + 2*w**2. Let l(c) = 2*c + 5. Let y(d) = -4*f(d) - 9*l(d). Let m = 155 + -158. Give y(m).
-7
Let y(b) be the first derivative of -b**2 + 4*b + 148. Determine y(-5).
14
Suppose -t + 6 = -2*a, -6 = 4*a - 18*t + 13*t. Let n(z) = 7*z + 21. What is n(a)?
-7
Suppose -4*t - 44 = -4*r, -5*r + 2*t - 26 = -7*r. Let g(z) = z**2 - 11*z - 4. Give g(r).
8
Let t(l) = 5 - 7 + 4*l**2 - 16*l - 3*l**2 + 1 + 14*l. Determine t(-2).
7
Let q = 4 - 1. Let d be (-2 + 1)/(15/(-6))*5. Suppose -q*m = -d*m. Let i(g) = g**3 - g**2 + g. Calculate i(m).
0
Let j(r) be the third derivative of -r**5/60 + r**4/3 - 2*r**3/3 - 137*r**2. Give j(7).
3
Let c(t) be the second derivative of -t**3/6 + 8*t**2 + 10*t. Let u be c(18). Let a(d) = d**3 + 3*d**2 + 2*d + 2. Determine a(u).
2
Suppose -6*f = -8*f - 50. Let g = 40 + f. Let x(o) = -7*o**2 - o**3 + 19 - 6*o - 39 + g. What is x(-6)?
-5
Let s(d) = 3*d**2 + 2*d - 2. Let p be s(1). Let k(b) = 4 - 4*b**2 + 6*b + p*b**2 + 3. Give k(6).
7
Suppose 2*n = 2*v, 21 = 2*n + 2*v + 3*v. Let z(t) be the third derivative of t**4/12 - t**3/3 + 158*t**2. Calculate z(n).
4
Let c(a) be the first derivative of 0*a**2 + 1/4*a**4 - 5*a + 25 - 7/3*a**3. What is c(7)?
-5
Suppose -8 = k - u, 4*k + 0*k - 2*u = -32. Let i(x) = -x**2 - 8*x - 2. Calculate i(k).
-2
Let v be (-22)/11*2/(-4). Let u be v/(-2)*(-4 - -4). Let o(j) = j + 11. Calculate o(u).
11
Let i(r) be the second derivative of -r**3/2 - 5*r**2 - 51*r + 1. Determine i(-7).
11
Let a(h) = -h**3 + 47*h**2 - 94*h + 174. Let p be a(45). Let c(q) = -q**3 - 5*q**2 - q - 1. Calculate c(p).
41
Suppose 20*b + 24*b = 0. Let w(a) be the third derivative of -a**6/120 - a**5/60 + a**4/24 - 11*a**3/6 + a**2. Calculate w(b).
-11
Let b(v) = 11*v**3 - 2*v**2 - v. Suppose 19*r = 15*r + 16. Suppose -k - r = u - 2, 3*u + 4*k = -7. Calculate b(u).
-12
Let r = 44 - 77. Let y = 38 + r. Let s(d) be the first derivative of -d**4/4 + 2*d**3 - 7*d**2/2 + 5*d + 2. What is s(y)?
-5
Let u = 3 - 1. Let c be 2/(0 + 2 + -1). Let o(k) = -k**2 - 1 + 3*k**u - 6*k - k**c. Determine o(4).
-9
Let x = 10 - 13. Let z(w) = -6*w - 1. Let c(j) = -6*j - 2. Let d(f) = x*z(f) + 2*c(f). What is d(1)?
5
Suppose 0 = -2*x - 2*b, 2 = -4*x - 4*b + b. Let o(h) = -h**3. What is o(x)?
8
Let k(d) = 2*d - 3 + 6*d**2 + 1103*d**3 - 2201*d**3 + 1099*d**3. Give k(-5).
12
Suppose 2*g + 10 = -v, 4*g + 4 = 2*v + 2*g. Let d(h) be the first derivative of -2*h + 9 + 5/2*h**2. Determine d(v).
-12
Let k(d) = -d + 5. Let h be k(8). Let g = -37 - -36. Let p(l) = 5*l + 2. Let f(o) = -o - 1. Let b(x) = g*p(x) - 3*f(x). Give b(h).
7
Let b(z) be the second derivative of 13*z**4/4 - z**3/3 - z**2/2 - 62*z - 1. Give b(-1).
40
Let i(v) = 2*v**2 + v. Let b be (-2 - -7) + -3 + -3. Calculate i(b).
1
Let o(j) = -j**3 - 4*j**2 - j + 1. Let f(z) = -z + 7. Let q be f(4). Let c = q - 7. Give o(c).
5
Suppose 4*t + 20 = -2*n, 7*t + 20 = -3*n + 6*t. Let q(y) be the s